{"id":2877,"date":"2022-12-22T12:54:34","date_gmt":"2022-12-22T11:54:34","guid":{"rendered":"https:\/\/zspwiszniamala.pl\/przedszkole\/?page_id=2877"},"modified":"2022-12-23T12:52:40","modified_gmt":"2022-12-23T11:52:40","slug":"czesc-i","status":"publish","type":"page","link":"https:\/\/zspwiszniamala.pl\/przedszkole\/czesc-i\/","title":{"rendered":"Cz\u0119\u015b\u0107 I"},"content":{"rendered":"\t\t<div data-elementor-type=\"wp-page\" data-elementor-id=\"2877\" class=\"elementor elementor-2877\" data-elementor-settings=\"[]\">\n\t\t\t\t\t\t\t<div class=\"elementor-section-wrap\">\n\t\t\t\t\t\t\t<section class=\"elementor-section elementor-top-section elementor-element elementor-element-d84a4d2 elementor-section-boxed elementor-section-height-default elementor-section-height-default\" data-id=\"d84a4d2\" data-element_type=\"section\">\n\t\t\t\t\t\t<div class=\"elementor-container elementor-column-gap-default\">\n\t\t\t\t\t<div class=\"elementor-column elementor-col-100 elementor-top-column elementor-element elementor-element-039d277\" data-id=\"039d277\" data-element_type=\"column\">\n\t\t\t<div class=\"elementor-widget-wrap elementor-element-populated\">\n\t\t\t\t\t\t\t\t<div class=\"elementor-element elementor-element-6aa13b6 elementor-widget elementor-widget-image\" data-id=\"6aa13b6\" data-element_type=\"widget\" data-widget_type=\"image.default\">\n\t\t\t\t<div class=\"elementor-widget-container\">\n\t\t\t<style>\/*! elementor - v3.5.4 - 23-01-2022 *\/\n.elementor-widget-image{text-align:center}.elementor-widget-image a{display:inline-block}.elementor-widget-image a img[src$=\".svg\"]{width:48px}.elementor-widget-image img{vertical-align:middle;display:inline-block}<\/style>\t\t\t\t\t\t\t\t\t\t\t\t<img width=\"1587\" height=\"2245\" src=\"https:\/\/zspwiszniamala.pl\/przedszkole\/wp-content\/uploads\/sites\/2\/2022\/12\/3.jpg\" class=\"attachment-full size-full\" alt=\"\" loading=\"lazy\" srcset=\"https:\/\/zspwiszniamala.pl\/przedszkole\/wp-content\/uploads\/sites\/2\/2022\/12\/3.jpg 1587w, https:\/\/zspwiszniamala.pl\/przedszkole\/wp-content\/uploads\/sites\/2\/2022\/12\/3-212x300.jpg 212w, https:\/\/zspwiszniamala.pl\/przedszkole\/wp-content\/uploads\/sites\/2\/2022\/12\/3-724x1024.jpg 724w, https:\/\/zspwiszniamala.pl\/przedszkole\/wp-content\/uploads\/sites\/2\/2022\/12\/3-768x1086.jpg 768w, https:\/\/zspwiszniamala.pl\/przedszkole\/wp-content\/uploads\/sites\/2\/2022\/12\/3-1086x1536.jpg 1086w, https:\/\/zspwiszniamala.pl\/przedszkole\/wp-content\/uploads\/sites\/2\/2022\/12\/3-1448x2048.jpg 1448w\" sizes=\"(max-width: 1587px) 100vw, 1587px\" \/>\t\t\t\t\t\t\t\t\t\t\t\t\t\t\t<\/div>\n\t\t\t\t<\/div>\n\t\t\t\t\t<\/div>\n\t\t<\/div>\n\t\t\t\t\t\t\t<\/div>\n\t\t<\/section>\n\t\t\t\t\t\t<\/div>\n\t\t\t\t\t<\/div>\n\t\t","protected":false},"excerpt":{"rendered":"<p>\/*! elementor &#8211; v3.5.4 &#8211; 23-01-2022 *\/ .elementor-widget-image{text-align:center}.elementor-widget-image a{display:inline-block}.elementor-widget-image a img[src$=&#8221;.svg&#8221;]{width:48px}.elementor-widget-image img{vertical-align:middle;display:inline-block}<\/p>\n","protected":false},"author":8,"featured_media":0,"parent":0,"menu_order":0,"comment_status":"closed","ping_status":"closed","template":"","meta":{"ngg_post_thumbnail":0},"_links":{"self":[{"href":"https:\/\/zspwiszniamala.pl\/przedszkole\/wp-json\/wp\/v2\/pages\/2877"}],"collection":[{"href":"https:\/\/zspwiszniamala.pl\/przedszkole\/wp-json\/wp\/v2\/pages"}],"about":[{"href":"https:\/\/zspwiszniamala.pl\/przedszkole\/wp-json\/wp\/v2\/types\/page"}],"author":[{"embeddable":true,"href":"https:\/\/zspwiszniamala.pl\/przedszkole\/wp-json\/wp\/v2\/users\/8"}],"replies":[{"embeddable":true,"href":"https:\/\/zspwiszniamala.pl\/przedszkole\/wp-json\/wp\/v2\/comments?post=2877"}],"version-history":[{"count":4,"href":"https:\/\/zspwiszniamala.pl\/przedszkole\/wp-json\/wp\/v2\/pages\/2877\/revisions"}],"predecessor-version":[{"id":2937,"href":"https:\/\/zspwiszniamala.pl\/przedszkole\/wp-json\/wp\/v2\/pages\/2877\/revisions\/2937"}],"wp:attachment":[{"href":"https:\/\/zspwiszniamala.pl\/przedszkole\/wp-json\/wp\/v2\/media?parent=2877"}],"curies":[{"name":"wp","href":"https:\/\/api.w.org\/{rel}","templated":true}]}}